- (-76)/8. What is the greatest common divisor of 60 and l?
10
Suppose -4*x - 3 = 3*q - 19, 2*x - 28 = -4*q. Calculate the highest common divisor of q and 64.
8
Suppose -5*a + 4*j = -3*a - 96, -2*a + 96 = -5*j. Let r = -21 + a. Calculate the highest common factor of 9 and r.
9
Suppose 0 = -4*k + 453 - 57. Calculate the greatest common divisor of 22 and k.
11
Let x be 2/((6/10)/3). Let v be (3 + (-3)/3)*x. Calculate the greatest common factor of 4 and v.
4
Suppose 5*l = -4*x - x - 10, 2*l - 16 = 3*x. Suppose -l*y = y - 210. Let o = 25 + 3. What is the highest common divisor of y and o?
14
Let i(d) = d**2 - 1. Let m be i(-1). Suppose -s + 8 + 4 = m. What is the highest common divisor of 30 and s?
6
Let q = 64 + 62. Let k = q + 18. Suppose 5*g - g - 64 = 0. Calculate the greatest common divisor of g and k.
16
Let o(c) = -6*c - 21. Let q be o(-8). What is the highest common factor of 243 and q?
27
Suppose -11 = 3*j + 1. Let a be ((-8)/10)/(j/10). Let n be 46 + -4*a/(-4). What is the highest common factor of n and 16?
16
Suppose -4*i = -5*g + 96, -36 = -g + 5*i - 0*i. Calculate the highest common divisor of 4 and g.
4
Let l(s) = -s**2 - 15*s - 12. Let c be l(-14). What is the greatest common factor of 4 and c?
2
Suppose 27*r - 22*r = 320. What is the highest common divisor of 8 and r?
8
Suppose -2*t = -t - 4*l + 7, 0 = t - 3*l + 3. Let j = -39 + 111. What is the greatest common factor of j and t?
9
Let j(s) = 36*s + 7. Let x be j(1). Calculate the highest common factor of 215 and x.
43
Let i = 7 + -13. Let x = i + 8. What is the greatest common divisor of 3 and x?
1
Let d(y) = -y**3 + 5*y**2 + y + 3. Let z be d(-4). Suppose 29 = 5*n - 36. What is the greatest common divisor of n and z?
13
Let c(d) = -6*d + 1 + d + 0*d. Let v be c(-1). Suppose 0 = 2*k + v, 5*p - 29 = -0*k - 2*k. Calculate the highest common factor of p and 35.
7
Let x(k) = -k**3 - k**2. Let s be x(-3). Let h(i) = -i**3 + 6*i**2 + 4. Let d be h(6). Suppose -g = -d*g + 432. What is the highest common divisor of s and g?
18
Let t = 66 + 0. Let p be 11/((-1)/2*2). Let z = p + 17. Calculate the greatest common factor of z and t.
6
Suppose 245 = 5*m + 25. Suppose 5*q = 9*q - m. What is the greatest common factor of q and 55?
11
Let g(o) = -o**2 - 18*o + 20. Let u be g(-10). Calculate the highest common divisor of u and 75.
25
Let f be (15 - -1)*6/(-3). Let c be (-3)/((-15)/f)*-5. Let u = -25 - -41. Calculate the greatest common factor of c and u.
16
Let l(b) = -9*b + 1. Let t be l(-1). Let y = 5 - -20. What is the greatest common factor of y and t?
5
Let b(m) = 9*m + 8. Let q be b(-4). Let p = -18 - q. Calculate the highest common factor of 30 and p.
10
Let m(w) = w**3 + 5*w**2 - 7*w - 2. Let h be m(-5). Let x be 39/12 + 3/(-12). Calculate the highest common factor of h and x.
3
Let s be (-2)/(-6)*(4 + -1). Let w be ((-21)/(-6))/(s/4). Calculate the highest common divisor of w and 28.
14
Suppose 3*u = -0*h - 4*h + 519, 0 = -3*h + u + 373. Calculate the highest common factor of 14 and h.
14
Let u(g) = 3*g**2 - 2*g - 3. Let s be u(-2). Let x(d) = 9*d - 7. Let m be x(8). Calculate the highest common divisor of s and m.
13
Suppose -2*q = i, 4*i - 7*i - q = 0. Let p = 1 - i. Suppose 0*y - 5*o + 20 = -y, -2*y + 35 = 5*o. Calculate the highest common factor of p and y.
1
Let x be ((-12)/8)/(((-18)/(-32))/(-3)). What is the highest common divisor of 16 and x?
8
Suppose -4*t - 2 + 10 = 0. Suppose 2*a = 8 - t. Let n be (-18)/(-15) - a/15. What is the greatest common factor of 11 and n?
1
Suppose -u - u - 16 = -2*h, 2*u = 3*h - 24. Let b = 17 - 19. Let d be b/5 + (-1066)/(-65). Calculate the highest common factor of d and h.
8
Suppose 3*b + 4 = 1. Let n be (0 - (b - -3))*-7. Suppose -267 + 43 = -2*l. What is the highest common divisor of n and l?
14
Let o be ((-4)/(-12))/((-2)/(-930)). Suppose 0*t = 5*l - 5*t - o, 2*l - t - 57 = 0. What is the highest common factor of 13 and l?
13
Let v = -2 - -24. Let t = v + -37. Let f be t/(9/6 - 2). Calculate the greatest common factor of f and 10.
10
Suppose 5*x - 2 = 4*z, 4*x - z + 3 = 9. Let n be 4 - 1 - (-4)/x. What is the greatest common divisor of n and 5?
5
Suppose -3*i + 132 = i. Suppose 0 = -w - 2*w + 153. Let t be (w/6 - 3)*2. What is the highest common factor of t and i?
11
Let h = 77 - 65. What is the highest common divisor of 1 and h?
1
Let m be 108/15 - 5/25. What is the greatest common divisor of 7 and m?
7
Suppose -3*r + 3 + 0 = 0. Let j be 0 - (-15 + 1 + r). What is the greatest common divisor of 117 and j?
13
Let m(q) = q**3 - 4*q**2 - q + 4. Let v be m(3). Let n = v - -12. Suppose -53 - 55 = -n*w. What is the greatest common factor of w and 18?
9
Let m = 24 + -11. Let k = m + -9. Calculate the greatest common factor of 32 and k.
4
Suppose w + 5*m - 13 = 0, -5*m - 22 + 71 = 3*w. Suppose -202*v + 2430 = -187*v. Calculate the highest common factor of w and v.
18
Let u(g) = 40*g - 1. Let m be u(7). What is the highest common factor of 31 and m?
31
Let v = -158 + 176. What is the highest common divisor of v and 9?
9
Let j = -7 + 17. Let n be ((-8)/4)/((-2)/j). What is the greatest common factor of n and 10?
10
Let j(x) = 54*x**3 - x**2 + x. Let l be j(1). Let d be (l/15)/(2/5). Calculate the highest common divisor of 9 and d.
9
Let f = 223 + -55. Let a = f + -112. What is the highest common divisor of a and 14?
14
Let k = 10 - 3. Suppose -20 = -4*x + 5*w + k, -23 = -3*x + w. Calculate the highest common divisor of x and 20.
4
Let k(a) = 31 - 31 + 3*a. Let l be k(3). What is the greatest common factor of l and 18?
9
Let q = -1 - -22. What is the greatest common factor of q and 63?
21
Let w be 49 + 2 + 0 + 3. What is the highest common divisor of w and 6?
6
Let y be ((-14)/4)/(6/(-12)). What is the greatest common factor of y and 35?
7
Let o = -31 + 59. Calculate the greatest common factor of o and 35.
7
Let p(z) = -z**3 + 7*z**2 + 2*z - 4. Let j be p(7). Let x = 142 - 58. Let f = 16 + x. Calculate the highest common factor of j and f.
10
Let b be 42/(-3 + 6) + 1. Let l be (1/3)/(1/b). Suppose 0 = -l*x + 3*x + 36. Calculate the highest common factor of 18 and x.
18
Suppose -3*t = -12 - 69. Calculate the highest common divisor of t and 81.
27
Let u = -8 - -3. Let k = u - -13. Calculate the highest common factor of 64 and k.
8
Let r = 13 + -12. Let m be (r/(-3))/(8/(-144)). What is the greatest common factor of m and 6?
6
Suppose 160 = -4*p + 9*p. What is the highest common divisor of p and 80?
16
Let d be 6*(-2)/8*-14. Calculate the highest common factor of 42 and d.
21
Suppose -68 = -5*q + 362. What is the highest common divisor of q and 129?
43
Suppose h + 9 = 13. Let n be h/6*(0 - -30). Calculate the greatest common factor of n and 20.
20
Suppose 95 = 4*g - 0*g + v, 2*g + v = 49. What is the greatest common divisor of 115 and g?
23
Let n = -98 + 188. Let m be -3*3*-1 + 1. Calculate the highest common divisor of n and m.
10
Suppose 1 + 1 = r. Suppose -t - 67 = -r*v, 0 = 4*v + 2*t - 209 + 55. What is the greatest common divisor of v and 12?
12
Let t = -28 + 49. Calculate the greatest common divisor of 168 and t.
21
Let l = -4 + 6. Suppose -l*k + 0*k = -96. Suppose -k = -v + 3*s, s = 3*v + 2*v - 212. Calculate the highest common factor of 14 and v.
14
Let s = 28 - 17. Suppose -5*v - 2 = -7. Calculate the highest common divisor of s and v.
1
Suppose -1 = -5*g + 9. Suppose 0 = -2*s - 2*m + 24 + g, 15 = -5*m. Let r be 88/(1/(-2)*-1). Calculate the greatest common divisor of r and s.
16
Let s be 6/(-10) + (-7689)/(-165). Suppose 5*t - 167 = 408. What is the highest common divisor of t and s?
23
Suppose -x + 164 = 2*u + 62, 4*u - 198 = -5*x. Calculate the highest common factor of u and 4.
4
Let q be 2/(-8) - 90/(-8). Let s(g) = 10*g - 9. Let o be s(9). Suppose 29 = 5*k - o. Calculate the greatest common divisor of k and q.
11
Let r(u) = -u**2 - 14*u - 29. Let t be r(-10). Calculate the greatest common factor of t and 11.
11
Suppose -6*f + f = b - 72, 0 = -2*b + 4. Suppose 13 - 1 = 4*v, 0 = -4*y - 2*v + f. Calculate the highest common factor of y and 14.
2
Let t be 24/14 - (-2)/7. Calculate the greatest common factor of 16 and t.
2
Suppose -63 = -4*m + 5*t, 3*m - 13 - 11 = -4*t. What is the greatest common divisor of 4 and m?
4
Let q = 164 + -114. What